

{"id":16,"date":"2012-01-10T19:51:03","date_gmt":"2012-01-10T19:51:03","guid":{"rendered":"http:\/\/sedliste.knihovna.info\/?page_id=16"},"modified":"2013-03-01T13:24:51","modified_gmt":"2013-03-01T13:24:51","slug":"knihovni-rad","status":"publish","type":"page","link":"https:\/\/sedliste.knihovna.info\/?page_id=16","title":{"rendered":"Knihovn\u00ed \u0159\u00e1d"},"content":{"rendered":"<p style=\"text-align: center;\"><strong>K N I H O V N \u00cd \u00a0 \u0158 \u00c1 D<br \/>\n<\/strong><strong>Obecn\u00ed knihovny v Sedli\u0161t\u00edch<\/strong><\/p>\n<p style=\"text-align: center;\">\u010cl. 1<br \/>\nPosl\u00e1n\u00ed a \u010dinnost knihovny<\/p>\n<p style=\"text-align: justify;\">Knihovna je knihovnou z\u00e1kladn\u00ed ve smyslu \u00a7 3 a 12 z\u00e1kona \u010d. 257\/2001 Sb. (knihovn\u00ed z\u00e1kon) a je z\u0159\u00edzena za \u00fa\u010delem poskytovat rovn\u00fdm zp\u016fsobem v\u0161em ob\u010dan\u016fm bez rozd\u00edlu ve\u0159ejn\u00e9 knihovnick\u00e9 a informa\u010dn\u00ed slu\u017eby vymezen\u00e9 v \u00a7 2, 4 a 14 knihovn\u00edho z\u00e1kona.<\/p>\n<p style=\"text-align: center;\">\u010cl. 2<br \/>\nVe\u0159ejn\u00e9 knihovnick\u00e9 a informa\u010dn\u00ed slu\u017eby<\/p>\n<p style=\"text-align: justify;\">1. Knihovna poskytuje sv\u00fdm u\u017eivatel\u016fm ve\u0159ejn\u00e9 knihovnick\u00e9 a informa\u010dn\u00ed slu\u017eby tak, jak jsou vymezeny v p\u0159\u00edslu\u0161n\u00fdch ustanoven\u00edch knihovn\u00edho z\u00e1kona. Jsou to zejm\u00e9na:<br \/>\n&#8211; v\u00fdp\u016fj\u010dn\u00ed slu\u017eby,<br \/>\n&#8211; meziknihovn\u00ed v\u00fdp\u016fj\u010dn\u00ed slu\u017eby,<br \/>\n&#8211; informa\u010dn\u00ed slu\u017eby,<br \/>\n&#8211; p\u0159\u00edstup k s\u00edti internet.<\/p>\n<p style=\"text-align: justify;\">2. Z\u00e1kladn\u00ed slu\u017eby poskytuje knihovna bezplatn\u011b, za n\u011bkter\u00e9 v\u0161ak v souladu s knihovn\u00edm z\u00e1konem m\u016f\u017ee po\u017eadovat \u00fahradu do v\u00fd\u0161e vynalo\u017een\u00fdch n\u00e1klad\u016f. Ve\u0161ker\u00e9 finan\u010dn\u00ed \u010d\u00e1stky jsou knihovnou \u00fa\u010dtov\u00e1ny ve v\u00fd\u0161i stanoven\u00e9 cen\u00edkem, kter\u00fd je p\u0159\u00edlohou tohoto knihovn\u00edho \u0159\u00e1du.<\/p>\n<p style=\"text-align: center;\">\u010cl. 3<br \/>\nZ\u00e1kladn\u00ed povinnosti a pr\u00e1va u\u017eivatel\u016f knihovny<\/p>\n<p style=\"text-align: justify;\">1. U\u017eivatel\u00e9 jsou povinni \u0159\u00eddit se knihovn\u00edm \u0159\u00e1dem a dodr\u017eovat pokyny knihovn\u00edka. Mus\u00ed respektovat stanoven\u00e1 opat\u0159en\u00ed, kter\u00e1 jsou pot\u0159ebn\u00e1 pro udr\u017een\u00ed po\u0159\u00e1dku a ochranu majetku. Jsou povinni zachov\u00e1vat v prostor\u00e1ch knihovny klid a po\u0159\u00e1dek.<\/p>\n<p style=\"text-align: justify;\">2. Jestli\u017ee u\u017eivatel nedodr\u017euje tato opat\u0159en\u00ed, m\u016f\u017ee b\u00fdt do\u010dasn\u011b nebo trvale zbaven pr\u00e1va pou\u017e\u00edvat slu\u017eeb knihovny. T\u00edm nen\u00ed zbaven odpov\u011bdnosti za zp\u016fsobenou \u0161kodu a povinnosti nahradit ji podle platn\u00fdch p\u0159edpis\u016f.<\/p>\n<p style=\"text-align: justify;\">3. P\u0159i ztr\u00e1t\u011b nebo odcizen\u00ed u\u017eivatelsk\u00e9ho pr\u016fkazu je jeho u\u017eivatel povinen toto neprodlen\u011b ozn\u00e1mit pracovn\u00edk\u016fm knihovny. U\u017eivatel nese plnou odpov\u011bdnost za dokumenty, kter\u00e9 byly vyp\u016fj\u010deny na jeho u\u017eivatelsk\u00fd pr\u016fkaz.<\/p>\n<p style=\"text-align: justify;\">4. P\u0159ipom\u00ednky, podn\u011bty a n\u00e1vrhy k pr\u00e1ci knihovny je mo\u017en\u00e9 pod\u00e1vat \u00fastn\u011b nebo p\u00edsemn\u011b knihovn\u00edkovi.<\/p>\n<p style=\"text-align: center;\">\u010cl. 4<br \/>\nRegistrace u\u017eivatele<\/p>\n<p style=\"text-align: justify;\">\u00a01. U\u017eivatelem knihovny se m\u016f\u017ee st\u00e1t ka\u017ed\u00e1 fyzick\u00e1 nebo pr\u00e1vnick\u00e1 osoba, kter\u00e1 spl\u0148uje podm\u00ednky pro registraci:<br \/>\n&#8211; u\u017eivatelem se m\u016f\u017ee st\u00e1t ob\u010dan star\u0161\u00ed 15 let po p\u0159edlo\u017een\u00ed osobn\u00edho dokladu (ob\u010dansk\u00fd pr\u016fkaz, cestovn\u00ed pas, povolen\u00ed k pobytu). Na z\u00e1klad\u011b tohoto dokladu bude vypln\u011bna p\u0159ihl\u00e1\u0161ka, kterou u\u017eivatel potvrd\u00ed sv\u00fdm podpisem. T\u00edmto taky potvrzuje znalost knihovn\u00edho \u0159\u00e1du,<br \/>\n&#8211; d\u011btem do 15 let potvrd\u00ed p\u0159ihl\u00e1\u0161ku sv\u00fdm podpisem rodi\u010de nebo z\u00e1konn\u00fd z\u00e1stupce, kter\u00fd t\u00edmto p\u0159eb\u00edr\u00e1 odpov\u011bdnost za d\u00edt\u011b ve vztahu ke knihovn\u011b,<br \/>\n&#8211; pr\u00e1vnick\u00e9 osoby se p\u0159ihla\u0161uj\u00ed prost\u0159ednictv\u00edm pov\u011b\u0159en\u00e9ho pracovn\u00edka, kter\u00fd\u00a0 k registraci p\u0159edlo\u017e\u00ed sv\u016fj osobn\u00ed doklad a p\u00edsemn\u00e9 pov\u011b\u0159en\u00ed,<br \/>\n&#8211; u\u017eivatel\u00e9, kte\u0159\u00ed necht\u011bj\u00ed slu\u017eeb knihovny vyu\u017e\u00edvat pravideln\u011b, se mohou p\u0159ihl\u00e1sit jednor\u00e1zov\u011b za ni\u017e\u0161\u00ed poplatek. T\u00edmto zp\u016fsobem si mohou p\u016fj\u010dit maxim\u00e1ln\u011b 1 dokument za 1 rok.<\/p>\n<p style=\"text-align: justify;\">3. Knihovna vy\u017eaduje k registraci n\u00e1sleduj\u00edc\u00ed osobn\u00ed \u00fadaje: jm\u00e9no, p\u0159\u00edjmen\u00ed, bydli\u0161t\u011b, datum narozen\u00ed. Tyto \u00fadaje knihovna zpracov\u00e1v\u00e1 podle z\u00e1kona \u010d. 101\/2000 Sb. o ochran\u011b osobn\u00edch \u00fadaj\u016f. Zm\u011bnu \u00fadaj\u016f je u\u017eivatel povinen neprodlen\u011b nahl\u00e1sit.<\/p>\n<p style=\"text-align: justify;\">4. Zaregistrovan\u00fd u\u017eivatel obdr\u017e\u00ed pr\u016fkaz, kter\u00fd je nep\u0159enosn\u00fd na jinou osobu.<\/p>\n<p>5. Registrace prob\u00edh\u00e1 ka\u017edoro\u010dn\u011b, registra\u010dn\u00ed poplatek je jednor\u00e1zov\u00fd, plat\u00ed se v pln\u00e9 v\u00fd\u0161i v\u017edy na 12 m\u011bs\u00edc\u016f ode dne p\u0159ihl\u00e1\u0161en\u00ed.<\/p>\n<p style=\"text-align: center;\">\u00a0\u010cl. 5<br \/>\nPokyny pro vyu\u017e\u00edv\u00e1n\u00ed v\u00fdpo\u010detn\u00ed techniky<\/p>\n<p style=\"text-align: justify;\">1. P\u0159i pou\u017eit\u00ed internetu je u\u017eivatel povinen se \u0159\u00eddit provozn\u00edm \u0159\u00e1dem.<\/p>\n<p>2. Pravidla p\u0159\u00edstupu k s\u00edti internet jsou p\u0159\u00edlohou tohoto knihovn\u00edho \u0159\u00e1du.<\/p>\n<p style=\"text-align: center;\">\u010cl. 6<br \/>\nP\u016fj\u010dov\u00e1n\u00ed dokument\u016f<\/p>\n<p style=\"text-align: justify;\">1. Mimo knihovnu si m\u016f\u017ee u\u017eivatel p\u016fj\u010dit v\u0161echny dokumenty uveden\u00e9 v \u010dl. 6 odst. 1 tohoto knihovn\u00edho \u0159\u00e1du s v\u00fdjimkou dokument\u016f:<br \/>\na) kter\u00fdm by hrozilo nebezpe\u010d\u00ed nenahraditeln\u00e9 ztr\u00e1ty nebo po\u0161kozen\u00ed,<br \/>\nb) kter\u00e9 jsou zapot\u0159eb\u00ed k b\u011b\u017en\u00e9mu provozu knihovny,<br \/>\nc) jejich\u017e p\u016fj\u010dov\u00e1n\u00ed by bylo v rozporu s obecn\u011b pr\u00e1vn\u00edmi p\u0159edpisy (poru\u0161en\u00ed autorsk\u00fdch pr\u00e1v, \u0161\u00ed\u0159en\u00ed fa\u0161istick\u00e9, rasistick\u00e9, pornografick\u00e9 literatury apod.),<br \/>\nd) kter\u00e9 byly vyp\u016fj\u010deny z jin\u00fdch knihoven prost\u0159ednictv\u00edm meziknihovn\u00ed v\u00fdp\u016fj\u010dn\u00ed slu\u017eby s\u00a0podm\u00ednkou v\u00fdp\u016fj\u010dky pouze v\u00a0prostor\u00e1ch knihovny.<br \/>\nPro p\u016fj\u010dov\u00e1n\u00ed dokument\u016f plat\u00ed ustanoven\u00ed ob\u010dansk\u00e9ho z\u00e1kon\u00edku o p\u016fj\u010dov\u00e1n\u00ed v\u011bc\u00ed.<\/p>\n<p style=\"text-align: justify;\">2. Ka\u017ed\u00fd n\u00e1v\u0161t\u011bvn\u00edk knihovny se p\u0159i vstupu prok\u00e1\u017ee sv\u00fdm u\u017eivatelsk\u00fdm pr\u016fkazem, resp. osobn\u00edm dokladem.<\/p>\n<p style=\"text-align: justify;\">3. Absen\u010dn\u011b (mimo knihovnu) je mo\u017eno si vyp\u016fj\u010dit 10 dokument\u016f. Tento po\u010det m\u016f\u017ee knihovna v od\u016fvodn\u011bn\u00fdch p\u0159\u00edpadech zm\u011bnit.<\/p>\n<p style=\"text-align: justify;\">4. V\u00fdp\u016fj\u010dn\u00ed lh\u016fta je 1 m\u011bs\u00edc. M\u016f\u017ee b\u00fdt 2x prodlou\u017eena, ne\u017e\u00e1d\u00e1-li dokument dal\u0161\u00ed u\u017eivatel. Knihovna je opr\u00e1vn\u011bna stanovit krat\u0161\u00ed v\u00fdp\u016fj\u010dn\u00ed lh\u016ftu, p\u0159\u00edpadn\u011b \u017e\u00e1dat vr\u00e1cen\u00ed p\u0159ed\u00a0uplynut\u00edm v\u00fdp\u016fj\u010dn\u00ed lh\u016fty.<\/p>\n<p style=\"text-align: justify;\">5. Dokumenty, kter\u00e9 jsou vyp\u016fj\u010deny, si m\u016f\u017ee u\u017eivatel rezervovat. Rezervace jsou vy\u0159izov\u00e1ny v po\u0159ad\u00ed, v jak\u00e9m byly realizov\u00e1ny.<\/p>\n<p style=\"text-align: justify;\">6. U\u017eivatel je povinen si dokument p\u0159ed vyp\u016fj\u010den\u00edm zkontrolovat a ohl\u00e1sit z\u00e1vady. Tyto z\u00e1vady knihovna zaregistruje na p\u0159\u00edslu\u0161n\u00e9m dokumentu, p\u0159\u00edpadn\u011b v pozn\u00e1mce v\u00fdp\u016fj\u010dn\u00edho protokolu. Za neohl\u00e1\u0161en\u00e9 z\u00e1vady nese u\u017eivatel odpov\u011bdnost.<\/p>\n<p style=\"text-align: justify;\">7. U\u017eivatel nesm\u00ed vyp\u016fj\u010den\u00fd dokument p\u016fj\u010dovat dal\u0161\u00edm osob\u00e1m. Ru\u010d\u00ed za n\u011bj po celou dobu v\u00fdp\u016fj\u010dky, tzn. do t\u00e9 doby, dokud m\u00e1 knihovna o v\u00fdp\u016fj\u010dce z\u00e1znam.<\/p>\n<p style=\"text-align: justify;\">8. P\u0159i vr\u00e1cen\u00ed dokument\u016f je u\u017eivatel povinen b\u00fdt p\u0159\u00edtomen u jejich p\u0159evzet\u00ed.<\/p>\n<p style=\"text-align: center;\">\u010cl. 7<br \/>\nPostihy za nedodr\u017een\u00ed ustanoven\u00ed knihovn\u00edho \u0159\u00e1du, ztr\u00e1ty a n\u00e1hrady<\/p>\n<p style=\"text-align: justify;\">1. Dojde-li ke ztr\u00e1t\u011b nebo po\u0161kozen\u00ed dokumentu, je u\u017eivatel tuto skute\u010dnost povinen bezodkladn\u011b nahl\u00e1sit. O zp\u016fsobu n\u00e1hrady rozhoduje knihovna. M\u016f\u017ee po\u017eadovat n\u00e1hradu \u0161kody uveden\u00edm do p\u016fvodn\u00edho stavu, obstar\u00e1n\u00edm n\u00e1hradn\u00edho v\u00fdtisku t\u00e9ho\u017e dokumentu nebo v\u00e1zan\u00e9 kopie ztracen\u00e9ho dokumentu. Jestli\u017ee uveden\u00ed do p\u016fvodn\u00edho stavu nen\u00ed mo\u017en\u00e9 nebo \u00fa\u010deln\u00e9, m\u016f\u017ee knihovna po\u017eadovat jako n\u00e1hradu jin\u00e9 d\u00edlo nebo n\u00e1hradu finan\u010dn\u00ed. Finan\u010dn\u00ed n\u00e1hrada \u010din\u00ed a\u017e trojn\u00e1sobek po\u0159izovac\u00ed ceny plus manipula\u010dn\u00ed poplatek. U cenn\u00fdch a nedostupn\u00fdch dokument\u016f se po\u017eaduje \u00fahrada n\u00e1klad\u016f do v\u00fd\u0161e po\u0159\u00edzen\u00ed fotokopie a vazby.<\/p>\n<p style=\"text-align: justify;\">2. U\u017eivatel je povinen hradit i v\u0161echny n\u00e1klady, kter\u00e9 knihovn\u011b v souvislosti se ztr\u00e1tou vznikly.<\/p>\n<p style=\"text-align: justify;\">3. Do vy\u0159e\u0161en\u00ed zp\u016fsobu nahrazen\u00ed ztr\u00e1ty a uhrazen\u00ed v\u0161ech pohled\u00e1vek m\u00e1 knihovna pr\u00e1vo pozastavit u\u017eivateli poskytov\u00e1n\u00ed v\u0161ech slu\u017eeb.<\/p>\n<p style=\"text-align: center;\">\u010cl. 8<br \/>\nPoplatky za nedodr\u017een\u00ed v\u00fdp\u016fj\u010dn\u00ed lh\u016fty<\/p>\n<p style=\"text-align: justify;\">1. U\u017eivatel je povinen zaplatit poplatek z prodlen\u00ed. Tato povinnost nast\u00e1v\u00e1 dnem, kter\u00fd n\u00e1sleduje po skon\u010den\u00ed stanoven\u00e9 v\u00fdp\u016fj\u010dn\u00ed lh\u016fty.<\/p>\n<p style=\"text-align: justify;\">2. Nevr\u00e1cen\u00e9 dokumenty knihovna vym\u00e1h\u00e1\u00a0 upom\u00ednkami, p\u0159i\u010dem\u017e pro povinnost zaplatit p\u0159\u00edslu\u0161n\u00fd poplatek je rozhoduj\u00edc\u00ed d\u00e9lka p\u0159ekro\u010den\u00ed v\u00fdp\u016fj\u010dn\u00ed lh\u016fty, ne faktick\u00e9 doru\u010den\u00ed upom\u00ednky.<\/p>\n<p style=\"text-align: justify;\">3. Po bezv\u00fdsledn\u00e9m vym\u00e1h\u00e1n\u00ed upom\u00ednkami n\u00e1sleduje vym\u00e1h\u00e1n\u00ed pr\u00e1vn\u00ed cestou.<\/p>\n<p style=\"text-align: center;\">\u010cl. 9<br \/>\nOstatn\u00ed<\/p>\n<p style=\"text-align: justify;\">1. Za vystaven\u00ed duplik\u00e1tu pr\u016fkazu u\u017eivatele ztracen\u00e9ho v obdob\u00ed jeho platnosti se \u00fa\u010dtuje manipula\u010dn\u00ed poplatek.<\/p>\n<p style=\"text-align: justify;\">2. Za \u0161kody zp\u016fsoben\u00e9 na ostatn\u00edm majetku knihovny odpov\u00edd\u00e1 u\u017eivatel podle obecn\u011b platn\u00fdch p\u0159edpis\u016f.<\/p>\n<p style=\"text-align: center;\">\u010cl. 10<br \/>\nZ\u00e1v\u011bre\u010dn\u00e1 ustanoven\u00ed<\/p>\n<p style=\"text-align: justify;\">1. V\u00fdjimky z knihovn\u00edho \u0159\u00e1du povoluje \u0159editel knihovny.<\/p>\n<p style=\"text-align: justify;\">2. Ned\u00edlnou sou\u010d\u00e1st\u00ed knihovn\u00edho \u0159\u00e1du jsou p\u0159\u00edlohy.<\/p>\n<p style=\"text-align: justify;\">3. Tento knihovn\u00ed \u0159\u00e1d plat\u00ed na dobu neur\u010ditou.<\/p>\n<p style=\"text-align: center;\">\u00a0\u010cl. 10<br \/>\nP\u0159\u00edlohy<\/p>\n<p style=\"text-align: justify;\">1.\u00a0<a href=\"http:\/\/sedliste.knihovna.info\/?page_id=12\">Cen\u00edk placen\u00fdch slu\u017eeb a poplatk\u016f<\/a><\/p>\n<p style=\"text-align: justify;\">\n<p style=\"text-align: justify;\">\n<p style=\"text-align: justify;\">\n<p style=\"text-align: justify;\">\n<p style=\"text-align: justify;\"><span style=\"text-align: justify;\">2.\u00a0<a href=\"http:\/\/sedliste.knihovna.info\/?page_id=169\">Pravidla p\u0159\u00edstupu k s\u00edti Internet<\/a><\/span><\/p>\n<p style=\"text-align: justify;\">\n<p>&nbsp;<\/p>\n<p>&nbsp;<\/p>\n<p>V Sedli\u0161t\u00edch, dne: 1. \u0159\u00edjna 2007<\/p>\n","protected":false},"excerpt":{"rendered":"<p>K N I H O V N \u00cd \u00a0 \u0158 \u00c1 D Obecn\u00ed knihovny v Sedli\u0161t\u00edch \u010cl. 1 Posl\u00e1n\u00ed a \u010dinnost knihovny Knihovna je knihovnou z\u00e1kladn\u00ed ve smyslu \u00a7 3 a 12 z\u00e1kona \u010d. 257\/2001 Sb. (knihovn\u00ed z\u00e1kon) a je &hellip; <a href=\"https:\/\/sedliste.knihovna.info\/?page_id=16\">Cel\u00fd p\u0159\u00edsp\u011bvek <span class=\"meta-nav\">&rarr;<\/span><\/a><\/p>\n","protected":false},"author":1,"featured_media":0,"parent":0,"menu_order":0,"comment_status":"closed","ping_status":"closed","template":"","meta":{"ngg_post_thumbnail":0,"footnotes":""},"class_list":["post-16","page","type-page","status-publish","hentry"],"_links":{"self":[{"href":"https:\/\/sedliste.knihovna.info\/index.php?rest_route=\/wp\/v2\/pages\/16","targetHints":{"allow":["GET"]}}],"collection":[{"href":"https:\/\/sedliste.knihovna.info\/index.php?rest_route=\/wp\/v2\/pages"}],"about":[{"href":"https:\/\/sedliste.knihovna.info\/index.php?rest_route=\/wp\/v2\/types\/page"}],"author":[{"embeddable":true,"href":"https:\/\/sedliste.knihovna.info\/index.php?rest_route=\/wp\/v2\/users\/1"}],"replies":[{"embeddable":true,"href":"https:\/\/sedliste.knihovna.info\/index.php?rest_route=%2Fwp%2Fv2%2Fcomments&post=16"}],"version-history":[{"count":9,"href":"https:\/\/sedliste.knihovna.info\/index.php?rest_route=\/wp\/v2\/pages\/16\/revisions"}],"predecessor-version":[{"id":173,"href":"https:\/\/sedliste.knihovna.info\/index.php?rest_route=\/wp\/v2\/pages\/16\/revisions\/173"}],"wp:attachment":[{"href":"https:\/\/sedliste.knihovna.info\/index.php?rest_route=%2Fwp%2Fv2%2Fmedia&parent=16"}],"curies":[{"name":"wp","href":"https:\/\/api.w.org\/{rel}","templated":true}]}}