

{"id":210,"date":"2015-10-19T07:17:00","date_gmt":"2015-10-19T07:17:00","guid":{"rendered":"http:\/\/sedliste.knihovna.info\/?page_id=210"},"modified":"2015-10-19T07:17:00","modified_gmt":"2015-10-19T07:17:00","slug":"povinna-publicita","status":"publish","type":"page","link":"https:\/\/sedliste.knihovna.info\/?page_id=210","title":{"rendered":"Povinn\u00e1 publicita"},"content":{"rendered":"<p style=\"text-align: justify;\">Knihy a slu\u017eby, kter\u00e9 M\u011bstsk\u00e1 knihovna Fr\u00fddek-M\u00edstek, p.o. zaji\u0161\u0165uje pro Obecn\u00ed knihovnu v Sedli\u0161t\u00edch v r\u00e1mci v\u00fdkonu RF, jsou financov\u00e1ny z rozpo\u010dtu Moravskoslezsk\u00e9ho kraje na z\u00e1klad\u011b smlouvy o poskytov\u00e1n\u00ed dotace.<\/p>\n<p><img decoding=\"async\" src=\"http:\/\/www.mkmistek.cz\/images\/banners\/mskraj.gif\" alt=\"logo Moravskoslezsk\u00e9ho kraje\" \/><\/p>\n","protected":false},"excerpt":{"rendered":"<p>Knihy a slu\u017eby, kter\u00e9 M\u011bstsk\u00e1 knihovna Fr\u00fddek-M\u00edstek, p.o. zaji\u0161\u0165uje pro Obecn\u00ed knihovnu v Sedli\u0161t\u00edch v r\u00e1mci v\u00fdkonu RF, jsou financov\u00e1ny z rozpo\u010dtu Moravskoslezsk\u00e9ho kraje na z\u00e1klad\u011b smlouvy o poskytov\u00e1n\u00ed dotace.<\/p>\n","protected":false},"author":1,"featured_media":0,"parent":0,"menu_order":0,"comment_status":"closed","ping_status":"closed","template":"","meta":{"ngg_post_thumbnail":0,"footnotes":""},"class_list":["post-210","page","type-page","status-publish","hentry"],"_links":{"self":[{"href":"https:\/\/sedliste.knihovna.info\/index.php?rest_route=\/wp\/v2\/pages\/210","targetHints":{"allow":["GET"]}}],"collection":[{"href":"https:\/\/sedliste.knihovna.info\/index.php?rest_route=\/wp\/v2\/pages"}],"about":[{"href":"https:\/\/sedliste.knihovna.info\/index.php?rest_route=\/wp\/v2\/types\/page"}],"author":[{"embeddable":true,"href":"https:\/\/sedliste.knihovna.info\/index.php?rest_route=\/wp\/v2\/users\/1"}],"replies":[{"embeddable":true,"href":"https:\/\/sedliste.knihovna.info\/index.php?rest_route=%2Fwp%2Fv2%2Fcomments&post=210"}],"version-history":[{"count":1,"href":"https:\/\/sedliste.knihovna.info\/index.php?rest_route=\/wp\/v2\/pages\/210\/revisions"}],"predecessor-version":[{"id":211,"href":"https:\/\/sedliste.knihovna.info\/index.php?rest_route=\/wp\/v2\/pages\/210\/revisions\/211"}],"wp:attachment":[{"href":"https:\/\/sedliste.knihovna.info\/index.php?rest_route=%2Fwp%2Fv2%2Fmedia&parent=210"}],"curies":[{"name":"wp","href":"https:\/\/api.w.org\/{rel}","templated":true}]}}