

{"id":227,"date":"2020-04-03T18:19:30","date_gmt":"2020-04-03T18:19:30","guid":{"rendered":"http:\/\/sedliste.knihovna.info\/?page_id=227"},"modified":"2020-04-03T18:23:09","modified_gmt":"2020-04-03T18:23:09","slug":"kontakty","status":"publish","type":"page","link":"https:\/\/sedliste.knihovna.info\/?page_id=227","title":{"rendered":"Kontakty"},"content":{"rendered":"\n<p><strong>Knihovna se nach\u00e1z\u00ed v p\u0159\u00edzem\u00ed budovy star\u00e9 \u0161koly, kde vedle s\u00eddl\u00ed po\u0161ta a v prvn\u00edm pat\u0159e Muzeum La\u0161sk\u00e1 jizba Sedlli\u0161t\u011b.<\/strong><\/p>\n\n\n\n<p><a rel=\"noreferrer noopener\" aria-label=\" (otev\u0159e se na nov\u00e9 z\u00e1lo\u017ece)\" href=\"https:\/\/mapy.cz\/zakladni?vlastni-body&amp;x=18.3673150&amp;y=49.7187420&amp;z=17&amp;ut=Obecn\u00ed%20knihovna%20Sedli\u0161t\u011b&amp;uc=9qMgMxVsDF&amp;ud=49\u00b043'7.696&quot;N%2C%2018\u00b022'1.562&quot;E\" target=\"_blank\">mapa<\/a><\/p>\n\n\n\n<p><strong>Adresa:<br><\/strong>Obecn\u00ed knihovna v Sedli\u0161t\u00edch<br>Sedli\u0161t\u011b 170<br>739 36 Sedli\u0161t\u011b<\/p>\n\n\n\n<p><strong>Tel:<\/strong><br>595&nbsp;176 244<\/p>\n\n\n\n<p><strong>Email:<br><\/strong><strong><a href=\"mailto:knihovna@obecknihovnice.cz\" target=\"_blank\" rel=\"noreferrer noopener\">knihovna@sedliste.cz<\/a><\/strong><\/p>\n\n\n\n<p><strong>Skype:<br><\/strong>knihovnasedliste<\/p>\n","protected":false},"excerpt":{"rendered":"<p>Knihovna se nach\u00e1z\u00ed v p\u0159\u00edzem\u00ed budovy star\u00e9 \u0161koly, kde vedle s\u00eddl\u00ed po\u0161ta a v prvn\u00edm pat\u0159e Muzeum La\u0161sk\u00e1 jizba Sedlli\u0161t\u011b. mapa Adresa:Obecn\u00ed knihovna v Sedli\u0161t\u00edchSedli\u0161t\u011b 170739 36 Sedli\u0161t\u011b Tel:595&nbsp;176 244 Email:knihovna@sedliste.cz Skype:knihovnasedliste<\/p>\n","protected":false},"author":1,"featured_media":0,"parent":0,"menu_order":0,"comment_status":"closed","ping_status":"closed","template":"","meta":{"ngg_post_thumbnail":0,"footnotes":""},"class_list":["post-227","page","type-page","status-publish","hentry"],"_links":{"self":[{"href":"https:\/\/sedliste.knihovna.info\/index.php?rest_route=\/wp\/v2\/pages\/227","targetHints":{"allow":["GET"]}}],"collection":[{"href":"https:\/\/sedliste.knihovna.info\/index.php?rest_route=\/wp\/v2\/pages"}],"about":[{"href":"https:\/\/sedliste.knihovna.info\/index.php?rest_route=\/wp\/v2\/types\/page"}],"author":[{"embeddable":true,"href":"https:\/\/sedliste.knihovna.info\/index.php?rest_route=\/wp\/v2\/users\/1"}],"replies":[{"embeddable":true,"href":"https:\/\/sedliste.knihovna.info\/index.php?rest_route=%2Fwp%2Fv2%2Fcomments&post=227"}],"version-history":[{"count":3,"href":"https:\/\/sedliste.knihovna.info\/index.php?rest_route=\/wp\/v2\/pages\/227\/revisions"}],"predecessor-version":[{"id":231,"href":"https:\/\/sedliste.knihovna.info\/index.php?rest_route=\/wp\/v2\/pages\/227\/revisions\/231"}],"wp:attachment":[{"href":"https:\/\/sedliste.knihovna.info\/index.php?rest_route=%2Fwp%2Fv2%2Fmedia&parent=227"}],"curies":[{"name":"wp","href":"https:\/\/api.w.org\/{rel}","templated":true}]}}