

{"id":23,"date":"2012-01-10T19:55:02","date_gmt":"2012-01-10T19:55:02","guid":{"rendered":"http:\/\/sedliste.knihovna.info\/?page_id=23"},"modified":"2014-02-17T07:58:30","modified_gmt":"2014-02-17T07:58:30","slug":"provozni-doba","status":"publish","type":"page","link":"https:\/\/sedliste.knihovna.info\/?page_id=23","title":{"rendered":"Provozn\u00ed doba"},"content":{"rendered":"<p><span style=\"font-size: 18px;\">S platnost\u00ed od 17.2.2014 <\/span><\/p>\n<p><span style=\"font-size: 18px;\">zm\u011bna<\/span><\/p>\n<p><span style=\"font-size: 18px;\">OTEV\u00cdRAC\u00cd DOBY PRO VE\u0158EJNOST<\/span><\/p>\n<p><span style=\"font-size: 18px;\">Pond\u011bl\u00ed \u00a0 8.00 &#8211; 11.30\u00a0 12.00 &#8211;\u00a0 16.30<\/span><\/p>\n<p><span style=\"font-size: 18px;\">St\u0159eda \u00a0\u00a0 <\/span><span style=\"font-size: 18px;\">8.00 &#8211; 11.30\u00a0 12.00 &#8211;\u00a0 16.30<\/span><\/p>\n","protected":false},"excerpt":{"rendered":"<p>S platnost\u00ed od 17.2.2014 zm\u011bna OTEV\u00cdRAC\u00cd DOBY PRO VE\u0158EJNOST Pond\u011bl\u00ed \u00a0 8.00 &#8211; 11.30\u00a0 12.00 &#8211;\u00a0 16.30 St\u0159eda \u00a0\u00a0 8.00 &#8211; 11.30\u00a0 12.00 &#8211;\u00a0 16.30<\/p>\n","protected":false},"author":1,"featured_media":0,"parent":0,"menu_order":0,"comment_status":"closed","ping_status":"closed","template":"","meta":{"ngg_post_thumbnail":0,"footnotes":""},"class_list":["post-23","page","type-page","status-publish","hentry"],"_links":{"self":[{"href":"https:\/\/sedliste.knihovna.info\/index.php?rest_route=\/wp\/v2\/pages\/23","targetHints":{"allow":["GET"]}}],"collection":[{"href":"https:\/\/sedliste.knihovna.info\/index.php?rest_route=\/wp\/v2\/pages"}],"about":[{"href":"https:\/\/sedliste.knihovna.info\/index.php?rest_route=\/wp\/v2\/types\/page"}],"author":[{"embeddable":true,"href":"https:\/\/sedliste.knihovna.info\/index.php?rest_route=\/wp\/v2\/users\/1"}],"replies":[{"embeddable":true,"href":"https:\/\/sedliste.knihovna.info\/index.php?rest_route=%2Fwp%2Fv2%2Fcomments&post=23"}],"version-history":[{"count":10,"href":"https:\/\/sedliste.knihovna.info\/index.php?rest_route=\/wp\/v2\/pages\/23\/revisions"}],"predecessor-version":[{"id":200,"href":"https:\/\/sedliste.knihovna.info\/index.php?rest_route=\/wp\/v2\/pages\/23\/revisions\/200"}],"wp:attachment":[{"href":"https:\/\/sedliste.knihovna.info\/index.php?rest_route=%2Fwp%2Fv2%2Fmedia&parent=23"}],"curies":[{"name":"wp","href":"https:\/\/api.w.org\/{rel}","templated":true}]}}